(-7)?
-131
Let n(f) = -f**3 + 602*f**2 + 551*f + 31345. Give n(603).
-11
Let j(p) = -7330*p**3 + 51313*p**2 + 3*p + 9. Calculate j(7).
177
Let q(k) = -k**3 + 426*k**2 - 3349*k - 3641. Give q(9).
-5
Let v(m) = -272*m + 4224. What is v(15)?
144
Let h(q) = 2*q**3 - 138*q**2 + 2*q - 544. Determine h(69).
-406
Let m(p) = -1177*p**2 - 2431*p - 156. Calculate m(-2).
-2
Let p(w) = -6403*w - 32043. Determine p(-5).
-28
Let v(p) = 61*p**3 + 166*p**2 + 169*p + 4. Give v(-1).
-60
Let q(n) = -157645*n - 61166255. Calculate q(-388).
5
Let t(g) = 2*g**2 + 1624*g + 67593. Determine t(-44).
9
Let y(h) = 1704*h - 97108. What is y(57)?
20
Let k(v) = -124*v**2 + 196*v - 24. What is k(-1)?
-344
Let o(c) = -1773*c**3 - 41*c**2 + 56*c - 16. What is o(1)?
-1774
Let h(x) = 30*x**2 - 1884*x + 3283. Determine h(61).
-11
Let m(u) = -u**3 + 89*u**2 + 3235*u - 292383. Calculate m(88).
41
Let f(u) = 121*u - 462. Determine f(5).
143
Let v(f) = 1019031*f + 12228376. What is v(-12)?
4
Let g(a) = 378*a + 2715. What is g(-7)?
69
Let i(d) = d**3 + 69*d**2 - 145*d - 10108. Determine i(-69).
-103
Let g(o) = 2*o**2 + 500*o - 85870. What is g(117)?
8
Let j(a) = 6*a**2 - 1608*a + 10949. What is j(261)?
-13
Let o(l) = 13*l**3 - 447*l**2 + 597*l - 59. Determine o(33).
40
Let q(s) = -4*s**3 - 418*s**2 - 4595*s + 460. Give q(-92).
0
Let m(y) = 204*y**2 - 136*y - 58. Calculate m(1).
10
Let c(n) = 8135*n + 32548. Calculate c(-4).
8
Let t(q) = 328*q**2 - 2602*q + 20. Give t(8).
196
Let o(r) = 1626*r + 172348. Determine o(-106).
-8
Let f(q) = 4*q**2 + 2973*q - 24037. Calculate f(8).
3
Let k(a) = 6*a**3 + 212*a**2 + 324*a + 8. Determine k(-34).
-1760
Let q(n) = 9*n**3 + 193*n**2 - 179*n - 3197. What is q(-21)?
2326
Let j(u) = 14*u**3 - 1379*u**2 + 688*u - 192. Give j(98).
4
Let b(f) = -876*f + 28185. What is b(32)?
153
Let g(u) = 2*u**3 + 22*u**2 - 391*u + 1199. Determine g(5).
44
Let v(n) = -2861*n - 8593. What is v(-3)?
-10
Let o(h) = 475*h + 5733. Calculate o(-12).
33
Let v(r) = -r**3 + 46*r**2 - 420*r - 28. Determine v(24).
2564
Let d(q) = 6*q**2 - 325*q - 5565. Determine d(69).
576
Let m(s) = -s**3 - 212*s**2 + 14978*s + 1680. Calculate m(56).
0
Let w(p) = p**3 - 54*p**2 - 283*p + 9546. Give w(56).
-30
Let j(s) = -5*s**3 - 36*s**2 - 44*s + 76. Give j(-5).
21
Let j(b) = 4*b**2 + 23*b - 388. What is j(10)?
242
Let m(j) = -30*j**2 + 1939*j - 7749. Determine m(4).
-473
Let f(w) = w**2 + 2123*w - 49297. Calculate f(23).
61
Let k(s) = s**3 + 18*s**2 - 163*s + 744. Calculate k(-28).
-2532
Let n(s) = 10796*s + 86252. Give n(-8).
-116
Let g(k) = -10525*k**2 - 63219*k - 3. Determine g(-6).
411
Let g(y) = -10*y**2 + 253*y - 432. What is g(20)?
628
Let t(w) = -93725*w - 1312139. What is t(-14)?
11
Let s(c) = 2*c**3 + 252*c**2 - 22*c - 2767. Give s(-126).
5
Let y(a) = -34473*a - 11927657. Determine y(-346).
1
Let f(p) = p**3 + 8*p**2 + 1306*p + 7769. Give f(-6).
5
Let g(s) = -21*s**2 + 338*s - 102. Give g(19).
-1261
Let w(m) = 4*m**2 + 53*m - 932. Determine w(25).
2893
Let x(j) = j**2 - 2520*j - 591599. Give x(-216).
-623
Let h(f) = -3436*f + 9909. Calculate h(3).
-399
Let y(i) = -65*i**2 + 2282*i - 2427. What is y(34)?
21
Let l(h) = -h**3 + 58*h**2 + 10399*h - 1150. Give l(135).
-610
Let j(p) = 974*p - 12053. Calculate j(8).
-4261
Let k(l) = l**3 + 672*l**2 + 174*l + 116930. Give k(-672).
2
Let a(x) = -32*x**2 - 6203*x + 214. Give a(-194).
-756
Let b(v) = -2*v**3 + 850*v**2 + 5180*v + 61. Give b(-6).
13
Let r(w) = -w**2 + 269*w + 43162. Calculate r(-113).
-4
Let k(p) = p**3 - 27*p**2 + 2232*p - 54554. What is k(25)?
-4
Let z(g) = -35*g**3 + 17*g**2 + 36*g + 39. Determine z(-1).
55
Let j(d) = 192*d**2 - 245*d - 405. Calculate j(-1).
32
Let f(q) = 952*q + 279880. Determine f(-294).
-8
Let p(q) = 85*q**2 - 2059*q - 48. Give p(24).
-504
Let t(s) = -38*s**3 + 24*s**2 + 175*s - 2. Determine t(-2).
48
Let q(z) = 9*z**2 + 416*z + 3107. Calculate q(-37).
36
Let p(h) = -61*h - 193. Determine p(11).
-864
Let u(x) = 4*x**2 + 1446*x - 92783. What is u(-417)?
-209
Let z(j) = j**3 - 132*j**2 - 1814*j - 9963. Calculate z(145).
332
Let m(n) = -n**3 - 281*n**2 + 3505*n + 143. What is m(12)?
11
Let d(c) = -8424*c + 471738. What is d(56)?
-6
Let d(v) = 396*v - 12090. Determine d(27).
-1398
Let q(a) = -94*a**2 + 185*a - 6. Determine q(1).
85
Let d(o) = 19*o**2 - 314*o - 1785. Determine d(21).
0
Let i(x) = 3989*x - 23885. Calculate i(6).
49
Let y(n) = -362*n**2 - 774*n - 1548. Determine y(-2).
-1448
Let m(j) = -j**2 + 257*j + 3875. Calculate m(-14).
81
Let x(n) = -11*n**3 - 3162*n**2 + 6334*n - 18. Determine x(2).
-86
Let j(n) = 734*n - 35417. Calculate j(48).
-185
Let k(l) = -3*l**2 - 718*l - 17430. Give k(-212).
-46
Let a(j) = j**3 - 630*j**2 + 9268*j - 26434. What is a(615)?
11
Let f(a) = -9*a**2 + 338*a + 7731. What is f(-16)?
19
Let x(r) = 11003*r + 65927. Determine x(-6).
-91
Let v(w) = -8*w**3 + 478*w**2 + 487*w + 5. Calculate v(-1).
4
Let o(v) = -9*v**2 + 907*v - 5630. Calculate o(94).
104
Let n(r) = r**3 - 6*r**2 - 4738*r + 375. What is n(-66)?
-549
Let t(d) = 33*d**3 - 9*d**2 - 25473*d + 25481. Calculate t(1).
32
Let c(a) = 27*a**2 - 3858*a + 11592. Give c(3).
261
Let g(m) = -2*m**3 + 37*m**2 + 103*m - 2422. Calculate g(19).
-826
Let u(o) = -65801*o + 131616. Calculate u(2).
14
Let p(c) = 6*c**2 - 2818*c - 53671. Calculate p(488).
9
Let k(p) = -4*p**2 - 5149*p - 11554. Give k(-1285).
11
Let t(g) = -3202*g - 1572177. Calculate t(-491).
5
Let c(q) = q**3 - 2697*q**2 - 190858*q + 11055. Determine c(2766).
-9
Let g(k) = 3767*k + 3675. Calculate g(-1).
-92
Let c(p) = 7*p**3 + 120*p**2 + 34*p + 305. Determine c(-17).
16
Let p(u) = u**3 - 66*u**2 - 107*u - 1147. Calculate p(68).
825
Let o(a) = -19*a**2 - 6882*a - 55225. Determine o(-354).
-1
Let s(x) = 6*x**3 + 92*x**2 - 26*x + 122. Determine s(-15).
962
Let r(n) = -n**2 - 8345*n - 66721. Give r(-8).
-25
Let d(u) = u**3 - 185*u**2 - 752*u - 335. Give d(189).
421
Let l(r) = r**3 + 10*r**2 + 11031*r + 99176. Calculate l(-9).
-22
Let c(i) = 1090*i - 75424. Give c(70).
876
Let g(j) = 1148*j - 35. Calculate g(-1).
-1183
Let r(k) = 2722*k - 25144. Give r(8).
-3368
Let a(i) = -230514*i - 922051. What is a(-4)?
5
Let k(v) = -v**3 - 214*v**2 - 988*v + 12174. What is k(-209)?
261
Let l(d) = -377*d + 11819. Determine l(32).
-245
Let i(l) = -71558*l - 1001820. What is i(-14)?
-8
Let a(f) = 28*f**2 - 902*f - 76. Calculate a(32).
-268
Let r(o) = -5*o**2 - 469*o - 147. Give r(-93).
225
Let k(x) = -5*x**3 + 686*x**2 - 14955*x - 557. What is k(110)?
-7
Let c(i) = -28*i**3 + 2*i**2 - 69*i + 208. Give c(3).
-737
Let j(g) = -14*g**2 + 1816*g + 11237. Calculate j(-6).
-163
Let v(j) = 684*j**2 - 4109*j + 36. Calculate v(6).
6
Let w(o) = 59*o**2 + 3767*o + 45. Calculate w(-64).
621
Let i(v) = 45390*v - 45394. Give i(1).
-4
Let f(x) = -13*x**2 - 536*x - 5502. What is f(-20)?
18
Let p(y) = -y**2 + 1422*y - 41773. Calculate p(30).
-13
Let x(y) = -y**3 + 88*y**2 - 1264*y + 158. Give x(70).
-122
Let v(g) = g**3 - 32*g**2 - 794*g + 25108. Calculate v(33).
-5
Let m(c) = 14094*c + 239665. What is m(-17)?
67
Let f(s) = -s**2 - 207*s - 9560. Calculate f(-145).
-570
Let t(n) = n**3 + 2*n**2 + 1618*n + 8138. What is t(-5)?
-27
Let z(q) = 2307*q + 925103. Determine z(-401).
-4
Let a(v) = -9*v**3 - 963*v**2 + 32*v + 3595. Calculate a(-107).
171
Let l(w) = -26*w**3 - 178*w**2 - 40*w - 338. Determine l(-7).
138
Let d(o) = -10*o**2 - 905*o - 487. What is d(-90)?
-37
Let o(z) = -6903*z - 234533. Give o(-34).
169
Let u(c) = -c**3 + 12*c**2 - 126*c + 809. Calculate u(8).
57
Let k(z) = z**3 - 48*z**2 + 216*z - 150. Determine k(43).
-107
Let h(z) = 28*z**3 - 153*z**2 - 72*z - 14. Determine h(6).
94
Let y(a) = -7*a**3 + 30*a**2 + 25*a - 151. Determine y(7).
-907
Let z(h) = -2*h**2 + 2947*h + 11797. Determine z(-4).
-23
Let y(o) = -2*o**3 - 179*o**2 - 303*o - 122. Determine y(-88).
3310
Let i(y) = -60*y**2 - 45*y + 122. Determine i(5).
-1603
Let n(i) = 1720*i**2 - 37838*i - 35. Give n(22).
9
Let y(b) = b**3 - 67*b**2 - 12*b + 728. Calculate y(67).
-76
Let l(u) = -u**3 - 160*u**2 + 325*u - 72. Calculate l(-162).
-234
Let r(h) = 21*h**3 + 3317*h**2 - 151*h + 1128. Calculate r(-158).
22
Let f(l) = -3366*l + 13423. Calculate f(4).
-41
Let h(i) = -28*i**3 + 4534*i**2 + 316*i - 279. What is h(162)?
-1575
Let n(g) = 